se 16) to base 11.
0
What is -82 (base 12) in base 8?
-142
12 (base 5) to base 12
7
What is 3 (base 10) in base 11?
3
Convert 0 (base 10) to base 6.
0
What is 2e (base 16) in base 7?
64
Convert -1 (base 3) to base 5.
-1
What is -20a (base 13) in base 3?
-110220
What is 111 (base 6) in base 15?
2d
What is -2 (base 4) in base 10?
-2
-11122 (base 3) to base 12
-a5
-d (base 14) to base 2
-1101
Convert -15 (base 10) to base 8.
-17
Convert -112 (base 3) to base 7.
-20
Convert -99 (base 12) to base 8.
-165
Convert -35 (base 9) to base 4.
-200
Convert -8f (base 16) to base 11.
-120
Convert 505 (base 6) to base 13.
113
89 (base 13) to base 12
95
What is 13 (base 13) in base 11?
15
What is 1a (base 12) in base 4?
112
Convert -30 (base 15) to base 3.
-1200
What is -17 (base 8) in base 14?
-11
34 (base 16) to base 2
110100
Convert -2 (base 14) to base 3.
-2
200 (base 4) to base 8
40
-10100001 (base 2) to base 5
-1121
-50 (base 11) to base 15
-3a
-115 (base 9) to base 3
-10112
1202 (base 3) to base 6
115
2 (base 9) to base 16
2
What is -3 (base 10) in base 16?
-3
What is 21 (base 3) in base 13?
7
Convert -35 (base 12) to base 16.
-29
10 (base 2) to base 15
2
What is -254 (base 8) in base 15?
-b7
62 (base 16) to base 14
70
Convert -324 (base 5) to base 4.
-1121
What is 0 (base 11) in base 15?
0
2 (base 10) to base 14
2
Convert 4 (base 6) to base 5.
4
-1010 (base 2) to base 16
-a
Convert 131 (base 5) to base 7.
56
What is -1 (base 10) in base 9?
-1
What is 9 (base 10) in base 4?
21
What is -2020 (base 4) in base 2?
-10001000
Convert -5 (base 15) to base 2.
-101
1 (base 15) to base 5
1
504 (base 8) to base 13
1bc
-2 (base 11) to base 7
-2
What is -9 (base 12) in base 10?
-9
What is 211 (base 10) in base 11?
182
5 (base 16) to base 6
5
What is -4 (base 14) in base 15?
-4
Convert 50 (base 10) to base 9.
55
Convert -13 (base 4) to base 16.
-7
What is -35 (base 15) in base 6?
-122
What is 3 (base 10) in base 13?
3
-8 (base 15) to base 10
-8
Convert 10000000 (base 2) to base 10.
128
Convert 3b (base 16) to base 2.
111011
-10 (base 6) to base 4
-12
Convert -12 (base 3) to base 6.
-5
-12 (base 3) to base 13
-5
Convert 10 (base 2) to base 12.
2
What is -7 (base 16) in base 7?
-10
1 (base 4) to base 12
1
What is 0 (base 11) in base 9?
0
Convert -1 (base 12) to base 8.
-1
3 (base 5) to base 12
3
114 (base 7) to base 16
3c
What is 10 (base 3) in base 11?
3
-1101 (base 2) to base 12
-11
Convert -7 (base 9) to base 15.
-7
118 (base 9) to base 11
8a
5 (base 12) to base 10
5
What is 8 (base 14) in base 16?
8
12 (base 12) to base 8
16
-10 (base 5) to base 13
-5
45 (base 10) to base 7
63
Convert -3 (base 6) to base 4.
-3
What is -23 (base 4) in base 9?
-12
-14 (base 12) to base 7
-22
What is 6a (base 11) in base 3?
2211
100 (base 7) to base 15
34
4 (base 5) to base 6
4
What is 22 (base 12) in base 5?
101
8 (base 9) to base 12
8
102 (base 3) to base 11
10
Convert 96 (base 10) to base 15.
66
Convert -173 (base 11) to base 16.
-c9
What is -5 (base 8) in base 16?
-5
Convert 23 (base 10) to base 16.
17
61 (base 12) to base 14
53
What is -7 (base 15) in base 7?
-10
What is -4 (base 10) in base 3?
-11
4 (base 11) to base 16
4
Convert 0 (base 6) to base 15.
0
Convert -16 (base 9) to base 6.
-23
Convert -3 (base 9) to base 6.
-3
What is -17 (base 10) in base 8?
-21
4 (base 13) to base 6
4
What is 142 (base 5) in base 9?
52
-19 (base 14) to base 11
-21
What is -55 (base 14) in base 8?
-113
-71 (base 9) to base 4
-1000
b1 (base 14) to base 4
2123
-13 (base 6) to base 2
-1001
What is 0 (base 4) in base 7?
0
What is -129 (base 10) in base 2?
-10000001
What is -30 (base 16) in base 15?
-33
-22 (base 4) to base 3
-101
-58 (base 9) to base 10
-53
Convert 1 (base 2) to base 5.
1
201 (base 3) to base 6
31
-11111011 (base 2) to base 16
-fb
What is -10000001 (base 2) in base 4?
-2001
293 (base 12) to base 13
249
Convert 3 (base 6) to base 3.
10
What is 52 (base 11) in base 14?
41
-a (base 13) to base 10
-10
What is 4 (base 11) in base 9?
4
What is -4 (base 14) in base 4?
-10
What is 13 (base 9) in base 3?
110
What is 1021 (base 4) in base 7?
133
What is -5 (base 15) in base 2?
-101
What is -2 (base 5) in base 11?
-2
What is 37 (base 15) in base 16?
34
What is -1 (base 4) in base 2?
-1
10 (base 13) to base 4
31
Convert 8 (base 14) to base 9.
8
Convert -9 (base 13) to base 9.
-10
-35 (base 11) to base 8
-46
What is -300 (base 4) in base 3?
-1210
What is 18 (base 9) in base 7?
23
Convert -2000 (base 4) to base 11.
-107
6e (base 16) to base 10
110
Convert -9 (base 15) to base 8.
-11
What is -100001 (base 2) in base 14?
-25
What is -1 (base 12) in base 16?
-1
Convert 34 (base 6) to base 4.
112
What is -2 (base 11) in base 2?
-10
-30 (base 4) to base 7
-15
Convert -3 (base 14) to base 15.
-3
c (base 15) to base 7
15
Convert -2 (base 10) to base 16.
-2
-26 (base 8) to base 14
-18
Convert 10101 (base 3) to base 12.
77
-5 (base 10) to base 7
-5
Convert b5 (base 14) to base 10.
159
-18 (base 12) to base 6
-32
a6 (base 11) to base 2
1110100
What is -30 (base 5) in base 11?
-14
What is c1 (base 14) in base 6?
441
Convert -110 (base 5) to base 11.
-28
What is 2 (base 4) in base 14?
2
What is -20 (base 14) in base 12?
-24
What is 185 (base 9) in base 8?
236
Convert 36 (base 9) to base 14.
25
What is -6 (base 14) in base 15?
-6
Convert -110 (base 6) to base 12.
-36
What is -2 (base 8) in base 3?
-2
-10 (base 3) to base 4
-3
-230 (base 4) to base 9
-48
What is -37 (base 8) in base 6?
-51
What is 310 (base 6) in base 16?
72
33 (base 5) to base 4
102
What is 2 (base 4) in base 3?
2
Convert 10 (base 14) to base 9.
15
Convert -13 (base 10) to base 8.
-15
Convert 0 (base 13) to base 6.
0
Convert -11212 (base 3) to base 14.
-95
3 (base 5) to base 14
3
3 (base 13) to base 6
3
What is 5b (base 12) in base 10?
71
Convert -110 (base 2) to base 9.
-6
-3 (base 15) to base 3
-10
-25 (base 8) to base 15
-16
What is -1012 (base 4) in base 10?
-70
Convert -3 (base 14) to base 8.
-3
1 (base 2) to base 4
1
Convert 152 (base 6) to base 4.
1010
Convert -4 (base 16) to base 6.
-4
What is -13 (base 7) in base 4?
-22
-1123 (base 4) to base 9
-111
Convert 0 (base 9) to base 2.
0
What is 2 (base 16) in base 3?
2
2 (base 11) to base 3
2
Convert -196 (base 10) to base 3.
-21021
Convert -23 (base 12) to base 8.
-33
Convert 2 (base 7) to base 14.
2
Convert -13 (base 11) to base 15.
-e
31 (base 11) to base 12
2a
Convert -2 (base 15) to base 4.
-2
Convert 3 (base 11) to base 6.
3
What is 35 (base 7) in base 9?
28
Convert -9 (base 15) to base 9.
-10
-2 (base 14) to base 5
-2
Convert 7 (base 13) to base 12.
7
What is 1c (base 16) in base 14?
20
Convert 5 (base 9) to base 12.
5
What is 1 (base 13) in base 7?
1
Convert -2 (base 5) to base 8.
-2
-2 (base 10) to base 9
-2
Convert -21 (base 4) to base 5.
-14
-8 (base 11) to base 6
-12
-b (base 12) to base 10
-11
Convert 49 (base 13) to base 12.
51
-14 (base 12) to base 8
-20
-2130 (base 4) to base 16
-9c
Convert 3 (base 11) to base 3.
10
Convert 12220 (base 3) to base 14.
b5
Convert -62 (base 15) to base 9.
-112
What is -24 (base 10) in base 16?
-18
-2 (base 7) to base 4
-2
1 (base 9) to base 10
1
-1 (base 12) to base 3
-1
What is 320 (base 5) in base 2?
1010101
What is 2 (base 7) in base 13?
2
Convert 2 (base 4) to base 9.
2
-31 (base 6) to base 12
-17
Convert 151 (base 6) to base 3.
2111
2 (base 13) to base 16
2
1152 (base 6) to base 5
2114
-5 (base 16) to base 7
-5
-33 (base 8) to base 2
-11011
1000000 (base 2) to base 10
64
-15 (base 9) to base 16
-e
What is -22 (base 7) in base 15?
-11
152 (base 9) to base 2
10000000
Convert 1 (base 8) to base 4.
1
Convert -16 (base 16) to base 15.
-17
-325 (base 6) to base 13
-98
What is -192 (base 12) in base 3?
-100102
What is -2 (base 10) in base 13?
-2
Convert -46 (base 13) to base 8.
-72
Convert -5 (base 13) to base 4.
-11
What is 1 (base 12) in base 4?
1
What is -13 (base 13) in base 14?
-12
What is 11 (base 4) in base 10?
5
What is 4 (base 9) in base 3?
11
What is -31 (base 5) in base 11?
-15
Convert -151 (base 12) to base 10.
-205
33 (base 9) to base 10
30
What is 16 (base 13) in base 14?
15
What is -31 (base 16) in base 2?
-110001
What is 5 (base 14) in base 8?
5
What is 22 (base 10) in base 12?
1a
Convert -11 (base 2) to base 3.
-10
10 (base 2)